x - 4*l, 4*x - p*l = -7*l + 34. Calculate the highest common divisor of y and x.
6
Let r(d) = 3 + 0 + 1 - d**2. Let h(z) = -z - 1. Let v be h(-1). Let q be r(v). What is the greatest common divisor of q and 32?
4
Let d(k) = k**2 + 3*k - 1. Let r be d(3). Calculate the highest common divisor of 34 and r.
17
Let q = -54 + 93. What is the highest common divisor of 13 and q?
13
Let f be -48*(-2)/2 - 2. Let p be 3/(-2 + 188/92). What is the greatest common divisor of p and f?
23
Let o be 56/(-6)*((-7)/2 + 2). Calculate the greatest common factor of 112 and o.
14
Let t(b) = -b + 1. Let z = 1 - 4. Let h be t(z). Suppose -3*k + h = -26. What is the greatest common factor of 40 and k?
10
Let f(b) = 3*b**2 + b**2 - b**3 - 6*b + 6 + 5*b**2. Let r be f(8). Suppose 15*q - 10*q = 275. Calculate the greatest common divisor of q and r.
11
Let w be 42/3 + (4 - 0). Calculate the greatest common divisor of w and 162.
18
Let l(h) = 4*h - 60. Let t be l(17). What is the highest common factor of 88 and t?
8
Let t = -16 - -25. What is the greatest common factor of 9 and t?
9
Let k(p) = p + 11. Let a be k(-8). Calculate the greatest common factor of a and 15.
3
Let k(g) be the second derivative of g**3/3 + 13*g**2/2 - 2*g. Let u be k(-5). Calculate the highest common factor of 3 and u.
3
Let w = 3 + -2. Let o(g) = 7*g + 13. Let a(l) = 15*l + 27. Let u(p) = -6*a(p) + 13*o(p). Let c be u(0). Calculate the highest common divisor of w and c.
1
Let k be 4/6 + 183/9. Suppose -15 = 2*j + j, b - j - k = 0. Calculate the greatest common factor of b and 32.
16
Suppose 4*c = -44 + 8. Let f be (12/c)/4*-6. Let h be (-1)/(-1) + 1/1. Calculate the highest common factor of h and f.
2
Let c = 12 - -120. Calculate the highest common divisor of 12 and c.
12
Suppose 5*x - 50 - 50 = 0. Let i = x - 12. Let a be 2 + -4*(-10)/4. What is the greatest common divisor of i and a?
4
Suppose -3*n + 6*n - 78 = 0. What is the greatest common divisor of 26 and n?
26
Let d = 65 - 39. Let i(t) = -t**2 - 6*t + 13. Let c be i(-6). What is the greatest common divisor of c and d?
13
Let r be (-36)/(-15) - (-4)/(-10). Suppose -r*m = -0*m - 6. Let j be 1/(m/171) + -1. What is the highest common divisor of 8 and j?
8
Suppose -5*r = -0*r - 1700. Suppose -r = -0*h - 4*h. Suppose 2*j + 3*j = h. Calculate the highest common factor of 17 and j.
17
Let u be (1 - 0)/((-2)/(-4)). Suppose -1 = 3*j - 2*l, -2*j + j - 2*l - 3 = 0. Let t be 24*(u + (j - 0)). What is the greatest common factor of 36 and t?
12
Suppose -5*x - 2*q - 22 = 4, -26 = 3*x - 4*q. Let m be 25*3/x*-2. Calculate the greatest common factor of 125 and m.
25
Suppose -z = -11 - 23. Calculate the greatest common factor of 85 and z.
17
Suppose -q - 2*q = 18. Let c = q - -10. Suppose -88 = -5*z + 3*m, -5*z - 3*m + 130 = 18. What is the highest common divisor of z and c?
4
Let l(i) = -i + 1. Let f(p) = -2*p + 3. Let x(s) = -3*f(s) + 8*l(s). Let u be x(-5). Calculate the highest common factor of 63 and u.
9
Let u be 414/8 - (-5)/20. Suppose 2*z - 5*i - 95 = 0, -4*z + u = -3*i - 131. What is the greatest common divisor of 18 and z?
9
Suppose -2*b - b + 78 = 0. Let d = 61 + -128. Let k = d + 106. Calculate the greatest common divisor of b and k.
13
Let l = 52 + 38. Let t = -2 + 12. Calculate the greatest common factor of t and l.
10
Suppose 4*y - 383 = 5*b, -36 - 55 = b + 4*y. Let z = -53 - b. Let i = 89 - 50. Calculate the greatest common factor of z and i.
13
Let t(j) = j + 6. Let h be t(-2). Calculate the highest common factor of 32 and h.
4
Suppose -5*f = 38 - 138. Let j = -17 + f. Calculate the highest common divisor of 3 and j.
3
Let i = 18 - 27. Let g = 18 + i. What is the highest common divisor of 99 and g?
9
Let t be 19 + (-7 - -3) + 4. Calculate the greatest common factor of 19 and t.
19
Let k = -71 - -88. What is the highest common divisor of k and 17?
17
Let n = -6 - -1. Let m be (2 - (-108)/(-15))*n. Suppose 4*c - 60 = -5*b, -c - 4*b + 0*b + m = 0. Calculate the greatest common divisor of c and 15.
5
Let k(p) = -12*p**3 - p**2 + p + 1. Let z be k(-1). What is the highest common divisor of z and 121?
11
Let b(q) = q**2 - 3*q + 6. Suppose -2*p + 25 = 3*p. Let d be b(p). What is the greatest common factor of 2 and d?
2
Let x(m) = 3*m**2 + m. Let c be x(2). Let d(t) = t**2 - 12*t + 13. Let p be d(11). Let k be 1 - 4 - (-33 + p). Calculate the greatest common factor of c and k.
14
Let c be 9/(-3) - (-4 + -5). What is the greatest common factor of c and 42?
6
Let m(u) = u**2 - 2*u + 4. Let n be m(3). Suppose 2*t + b = 0, 2*t - 4*t + b - 8 = 0. Let j = -1 - t. Calculate the greatest common divisor of n and j.
1
Let d(t) = 3*t - 5*t + 5*t - 4*t. Let p be d(-5). What is the highest common divisor of p and 45?
5
Suppose 29 = 5*p + 4*u, 0*p = -p - u + 6. Suppose 2*d + 0*l + l = -1, -22 = -d + 4*l. Calculate the highest common divisor of d and p.
1
Let n(m) = 4*m**2 + 3*m - 2. Let c be n(-4). What is the highest common divisor of 75 and c?
25
Let f be -4*(-2 - 2*6). Suppose 0*w + 4*w + q = f, -q - 14 = -w. What is the greatest common factor of w and 14?
14
Suppose -2*f = 0, -36 = 4*i - 0*f - 4*f. Let w(s) = -25*s**2 - 4*s - 3. Let m be w(-2). Let r be m/(-3) + (-3)/i. What is the highest common factor of r and 8?
8
Let z(m) = 0 + 15*m**2 - m**3 - 11*m - 5*m**2 + 4. Let s be z(8). Calculate the highest common divisor of 11 and s.
11
Let j = 100 - 68. Suppose -5*x + 0*k - 4*k + 38 = 0, 5*x + k = 32. Let v be j/x*(2 - -1). Calculate the greatest common factor of v and 80.
16
Let n(u) = 3*u**2 + u - 3. Let p be n(-3). Suppose 4*v - 2*v = 462. What is the highest common divisor of p and v?
21
Suppose 0 = 2*j - 6 - 38. Suppose n - 13 = -0*n - b, -n = -4*b - 3. What is the highest common divisor of j and n?
11
Let m be -38 - (0 + 1)/1. Suppose 4*d = 4*t + 9*d - 305, -d = -3*t + 224. Let y = t + m. Calculate the highest common divisor of 4 and y.
4
Let q = 76 - -329. What is the highest common factor of q and 45?
45
Let d(f) = -16*f + 16. Let a be d(-10). What is the greatest common divisor of 16 and a?
16
Let o = -3 - -6. Suppose 2*j = 3*t + 236, -o*j = t + t - 328. Calculate the greatest common divisor of 16 and j.
16
Let m(z) = 8*z**2 - z - 1. Let n be m(-1). Suppose j + 3 = -w - 0, 0 = 3*j + 4*w + 6. Let q be 1/((-18)/3)*j. Calculate the highest common divisor of q and n.
1
Suppose 17*n + 88 = 21*n. Calculate the greatest common divisor of n and 4.
2
Suppose -9*z = -13*z + 20. Calculate the highest common divisor of z and 10.
5
Suppose -2*z - 20 = -2*x, 7 = 2*x - 3*z - 16. What is the greatest common factor of x and 28?
7
Let b(v) = -v**3 + 4*v**2 + 9*v - 9. Let d be b(5). What is the highest common divisor of d and 22?
11
Suppose -2*p = -3*z - 322, 0*p + 3*p = 5*z + 537. Let h be 9/(-12) + z/(-16). Let g be (2*2)/(-2)*-21. What is the highest common factor of g and h?
6
Let p be 2/(-1 + -3 + 6). What is the greatest common factor of p and 1?
1
Let w(y) = 14*y - 10. Let o be w(7). Calculate the greatest common factor of o and 11.
11
Let f(j) = 3*j + 0*j**2 - 2*j + 1 + j**2. Let p be f(0). What is the highest common factor of p and 8?
1
Suppose 0*q = 2*q - 4. Suppose -q*a + 0*j = 2*j + 24, -4 = 2*a - 3*j. Let p(s) = s**2 + 3*s + 10. Let u be p(a). What is the highest common divisor of 20 and u?
10
Suppose 2*i = -q + 98, q + i + 201 = 3*q. Suppose -3*u - 78 = -5*v + 10, -12 = -3*u. Calculate the highest common factor of q and v.
20
Let y = 15 + -7. Let u(j) = -j**2 + 10*j - 4. Let b be u(y). What is the greatest common factor of 30 and b?
6
Let m(i) = 4 - 5 + 4*i**2 + i + i**2. Let s be m(-2). Suppose -204 = -d - 3*d. What is the highest common factor of s and d?
17
Suppose 12*n - 7*n = 20. Suppose 2*o = n*o - 4. What is the greatest common factor of 2 and o?
2
Let u = 88 + -33. What is the highest common factor of u and 22?
11
Let s(q) = 3*q + 14. Let y be s(7). Calculate the greatest common divisor of y and 175.
35
Let d(q) = 3*q + 30. Let p be d(-9). What is the greatest common factor of p and 3?
3
Let h = 11 + 4. What is the greatest common divisor of 10 and h?
5
Suppose -4 = b, 125 = -0*y + 5*y - 5*b. Suppose 4*h = 7*h + y. Let m(v) = -v**3 - 5*v**2 + v + 4. Let w be m(h). What is the greatest common factor of w and 19?
19
Let g(p) = -p**3 + 4*p**2 + 3*p 